{"id":590,"date":"2021-06-22T10:13:53","date_gmt":"2021-06-22T10:13:53","guid":{"rendered":"https:\/\/masvicens.olalon.com\/?post_type=product&#038;p=590"},"modified":"2021-06-22T10:14:07","modified_gmt":"2021-06-22T10:14:07","slug":"embalaje-de-regalo","status":"publish","type":"product","link":"https:\/\/masvicens.com\/es\/producte\/embalaje-de-regalo\/","title":{"rendered":"Embalaje de regalo"},"content":{"rendered":"<p>Un embalaje personalizado y con mensaje para una botella de vino, listo para regalo.<\/p>\n","protected":false},"excerpt":{"rendered":"<p>Un embalaje personalizado y con mensaje para una botella de vino, listo para regalo.<\/p>\n","protected":false},"featured_media":620,"comment_status":"open","ping_status":"closed","template":"","meta":{"_et_pb_use_builder":"","_et_pb_old_content":"","_et_gb_content_width":"","inline_featured_image":false,"_joinchat":[]},"product_brand":[],"product_cat":[24],"product_tag":[],"class_list":{"0":"post-590","1":"product","2":"type-product","3":"status-publish","4":"has-post-thumbnail","6":"product_cat-lots-i-embalatges","8":"first","9":"instock","10":"taxable","11":"shipping-taxable","12":"purchasable","13":"product-type-simple"},"yoast_head":"<!-- This site is optimized with the Yoast SEO plugin v27.5 - https:\/\/yoast.com\/product\/yoast-seo-wordpress\/ -->\n<title>Embalaje de regalo - Celler Mas Vicen\u00e7 | Re-evolucionant la tradici\u00f3<\/title>\n<meta name=\"robots\" content=\"index, follow, max-snippet:-1, max-image-preview:large, max-video-preview:-1\" \/>\n<link rel=\"canonical\" href=\"https:\/\/masvicens.com\/es\/producte\/embalaje-de-regalo\/\" \/>\n<meta property=\"og:locale\" content=\"es_ES\" \/>\n<meta property=\"og:type\" content=\"article\" \/>\n<meta property=\"og:title\" content=\"Embalaje de regalo - Celler Mas Vicen\u00e7 | Re-evolucionant la tradici\u00f3\" \/>\n<meta property=\"og:description\" content=\"Un embalaje personalizado y con mensaje para una botella de vino, listo para regalo.\" \/>\n<meta property=\"og:url\" content=\"https:\/\/masvicens.com\/es\/producte\/embalaje-de-regalo\/\" \/>\n<meta property=\"og:site_name\" content=\"Celler Mas Vicen\u00e7 | Re-evolucionant la tradici\u00f3\" \/>\n<meta property=\"article:modified_time\" content=\"2021-06-22T10:14:07+00:00\" \/>\n<meta property=\"og:image\" content=\"https:\/\/masvicens.com\/wp-content\/uploads\/2021\/06\/embalatge-ampolla-individual-mas-vicens.jpg\" \/>\n\t<meta property=\"og:image:width\" content=\"800\" \/>\n\t<meta property=\"og:image:height\" content=\"800\" \/>\n\t<meta property=\"og:image:type\" content=\"image\/jpeg\" \/>\n<meta name=\"twitter:card\" content=\"summary_large_image\" \/>\n<script type=\"application\/ld+json\" class=\"yoast-schema-graph\">{\"@context\":\"https:\\\/\\\/schema.org\",\"@graph\":[{\"@type\":\"WebPage\",\"@id\":\"https:\\\/\\\/masvicens.com\\\/es\\\/producte\\\/embalaje-de-regalo\\\/\",\"url\":\"https:\\\/\\\/masvicens.com\\\/es\\\/producte\\\/embalaje-de-regalo\\\/\",\"name\":\"Embalaje de regalo - Celler Mas Vicen\u00e7 | Re-evolucionant la tradici\u00f3\",\"isPartOf\":{\"@id\":\"https:\\\/\\\/masvicens.com\\\/es\\\/#website\"},\"primaryImageOfPage\":{\"@id\":\"https:\\\/\\\/masvicens.com\\\/es\\\/producte\\\/embalaje-de-regalo\\\/#primaryimage\"},\"image\":{\"@id\":\"https:\\\/\\\/masvicens.com\\\/es\\\/producte\\\/embalaje-de-regalo\\\/#primaryimage\"},\"thumbnailUrl\":\"https:\\\/\\\/masvicens.com\\\/wp-content\\\/uploads\\\/2021\\\/06\\\/embalatge-ampolla-individual-mas-vicens.jpg\",\"datePublished\":\"2021-06-22T10:13:53+00:00\",\"dateModified\":\"2021-06-22T10:14:07+00:00\",\"breadcrumb\":{\"@id\":\"https:\\\/\\\/masvicens.com\\\/es\\\/producte\\\/embalaje-de-regalo\\\/#breadcrumb\"},\"inLanguage\":\"es\",\"potentialAction\":[{\"@type\":\"ReadAction\",\"target\":[\"https:\\\/\\\/masvicens.com\\\/es\\\/producte\\\/embalaje-de-regalo\\\/\"]}]},{\"@type\":\"ImageObject\",\"inLanguage\":\"es\",\"@id\":\"https:\\\/\\\/masvicens.com\\\/es\\\/producte\\\/embalaje-de-regalo\\\/#primaryimage\",\"url\":\"https:\\\/\\\/masvicens.com\\\/wp-content\\\/uploads\\\/2021\\\/06\\\/embalatge-ampolla-individual-mas-vicens.jpg\",\"contentUrl\":\"https:\\\/\\\/masvicens.com\\\/wp-content\\\/uploads\\\/2021\\\/06\\\/embalatge-ampolla-individual-mas-vicens.jpg\",\"width\":800,\"height\":800},{\"@type\":\"BreadcrumbList\",\"@id\":\"https:\\\/\\\/masvicens.com\\\/es\\\/producte\\\/embalaje-de-regalo\\\/#breadcrumb\",\"itemListElement\":[{\"@type\":\"ListItem\",\"position\":1,\"name\":\"Portada\",\"item\":\"https:\\\/\\\/masvicens.com\\\/es\\\/\"},{\"@type\":\"ListItem\",\"position\":2,\"name\":\"TIENDA\",\"item\":\"https:\\\/\\\/masvicens.com\\\/botiga-de-vins-online\\\/\"},{\"@type\":\"ListItem\",\"position\":3,\"name\":\"Embalaje de regalo\"}]},{\"@type\":\"WebSite\",\"@id\":\"https:\\\/\\\/masvicens.com\\\/es\\\/#website\",\"url\":\"https:\\\/\\\/masvicens.com\\\/es\\\/\",\"name\":\"Celler Mas Vicen\u00e7 | Re-evolucionant la tradici\u00f3\",\"description\":\"Veniu a viure l&#039;enoturisme i a con\u00e8ixer la nostra col\u00b7lecci\u00f3 de vins elaborats amb la millor selecci\u00f3 de ra\u00efm del nostre celler a Tarragona.\",\"potentialAction\":[{\"@type\":\"SearchAction\",\"target\":{\"@type\":\"EntryPoint\",\"urlTemplate\":\"https:\\\/\\\/masvicens.com\\\/es\\\/?s={search_term_string}\"},\"query-input\":{\"@type\":\"PropertyValueSpecification\",\"valueRequired\":true,\"valueName\":\"search_term_string\"}}],\"inLanguage\":\"es\"}]}<\/script>\n<!-- \/ Yoast SEO plugin. -->","yoast_head_json":{"title":"Embalaje de regalo - Celler Mas Vicen\u00e7 | Re-evolucionant la tradici\u00f3","robots":{"index":"index","follow":"follow","max-snippet":"max-snippet:-1","max-image-preview":"max-image-preview:large","max-video-preview":"max-video-preview:-1"},"canonical":"https:\/\/masvicens.com\/es\/producte\/embalaje-de-regalo\/","og_locale":"es_ES","og_type":"article","og_title":"Embalaje de regalo - Celler Mas Vicen\u00e7 | Re-evolucionant la tradici\u00f3","og_description":"Un embalaje personalizado y con mensaje para una botella de vino, listo para regalo.","og_url":"https:\/\/masvicens.com\/es\/producte\/embalaje-de-regalo\/","og_site_name":"Celler Mas Vicen\u00e7 | Re-evolucionant la tradici\u00f3","article_modified_time":"2021-06-22T10:14:07+00:00","og_image":[{"width":800,"height":800,"url":"https:\/\/masvicens.com\/wp-content\/uploads\/2021\/06\/embalatge-ampolla-individual-mas-vicens.jpg","type":"image\/jpeg"}],"twitter_card":"summary_large_image","schema":{"@context":"https:\/\/schema.org","@graph":[{"@type":"WebPage","@id":"https:\/\/masvicens.com\/es\/producte\/embalaje-de-regalo\/","url":"https:\/\/masvicens.com\/es\/producte\/embalaje-de-regalo\/","name":"Embalaje de regalo - Celler Mas Vicen\u00e7 | Re-evolucionant la tradici\u00f3","isPartOf":{"@id":"https:\/\/masvicens.com\/es\/#website"},"primaryImageOfPage":{"@id":"https:\/\/masvicens.com\/es\/producte\/embalaje-de-regalo\/#primaryimage"},"image":{"@id":"https:\/\/masvicens.com\/es\/producte\/embalaje-de-regalo\/#primaryimage"},"thumbnailUrl":"https:\/\/masvicens.com\/wp-content\/uploads\/2021\/06\/embalatge-ampolla-individual-mas-vicens.jpg","datePublished":"2021-06-22T10:13:53+00:00","dateModified":"2021-06-22T10:14:07+00:00","breadcrumb":{"@id":"https:\/\/masvicens.com\/es\/producte\/embalaje-de-regalo\/#breadcrumb"},"inLanguage":"es","potentialAction":[{"@type":"ReadAction","target":["https:\/\/masvicens.com\/es\/producte\/embalaje-de-regalo\/"]}]},{"@type":"ImageObject","inLanguage":"es","@id":"https:\/\/masvicens.com\/es\/producte\/embalaje-de-regalo\/#primaryimage","url":"https:\/\/masvicens.com\/wp-content\/uploads\/2021\/06\/embalatge-ampolla-individual-mas-vicens.jpg","contentUrl":"https:\/\/masvicens.com\/wp-content\/uploads\/2021\/06\/embalatge-ampolla-individual-mas-vicens.jpg","width":800,"height":800},{"@type":"BreadcrumbList","@id":"https:\/\/masvicens.com\/es\/producte\/embalaje-de-regalo\/#breadcrumb","itemListElement":[{"@type":"ListItem","position":1,"name":"Portada","item":"https:\/\/masvicens.com\/es\/"},{"@type":"ListItem","position":2,"name":"TIENDA","item":"https:\/\/masvicens.com\/botiga-de-vins-online\/"},{"@type":"ListItem","position":3,"name":"Embalaje de regalo"}]},{"@type":"WebSite","@id":"https:\/\/masvicens.com\/es\/#website","url":"https:\/\/masvicens.com\/es\/","name":"Celler Mas Vicen\u00e7 | Re-evolucionant la tradici\u00f3","description":"Veniu a viure l&#039;enoturisme i a con\u00e8ixer la nostra col\u00b7lecci\u00f3 de vins elaborats amb la millor selecci\u00f3 de ra\u00efm del nostre celler a Tarragona.","potentialAction":[{"@type":"SearchAction","target":{"@type":"EntryPoint","urlTemplate":"https:\/\/masvicens.com\/es\/?s={search_term_string}"},"query-input":{"@type":"PropertyValueSpecification","valueRequired":true,"valueName":"search_term_string"}}],"inLanguage":"es"}]}},"_links":{"self":[{"href":"https:\/\/masvicens.com\/es\/wp-json\/wp\/v2\/product\/590","targetHints":{"allow":["GET"]}}],"collection":[{"href":"https:\/\/masvicens.com\/es\/wp-json\/wp\/v2\/product"}],"about":[{"href":"https:\/\/masvicens.com\/es\/wp-json\/wp\/v2\/types\/product"}],"replies":[{"embeddable":true,"href":"https:\/\/masvicens.com\/es\/wp-json\/wp\/v2\/comments?post=590"}],"wp:featuredmedia":[{"embeddable":true,"href":"https:\/\/masvicens.com\/es\/wp-json\/wp\/v2\/media\/620"}],"wp:attachment":[{"href":"https:\/\/masvicens.com\/es\/wp-json\/wp\/v2\/media?parent=590"}],"wp:term":[{"taxonomy":"product_brand","embeddable":true,"href":"https:\/\/masvicens.com\/es\/wp-json\/wp\/v2\/product_brand?post=590"},{"taxonomy":"product_cat","embeddable":true,"href":"https:\/\/masvicens.com\/es\/wp-json\/wp\/v2\/product_cat?post=590"},{"taxonomy":"product_tag","embeddable":true,"href":"https:\/\/masvicens.com\/es\/wp-json\/wp\/v2\/product_tag?post=590"}],"curies":[{"name":"wp","href":"https:\/\/api.w.org\/{rel}","templated":true}]}}

<!-- This site is optimized with the Yoast SEO plugin v27.5 - https://yoast.com/product/yoast-seo-wordpress/ -->
<title>Embalaje de regalo - Celler Mas Vicenç | Re-evolucionant la tradició</title>
<meta name="robots" content="index, follow, max-snippet:-1, max-image-preview:large, max-video-preview:-1" />
<link rel="canonical" href="https://masvicens.com/es/producte/embalaje-de-regalo/" />
<meta property="og:locale" content="es_ES" />
<meta property="og:type" content="article" />
<meta property="og:title" content="Embalaje de regalo - Celler Mas Vicenç | Re-evolucionant la tradició" />
<meta property="og:description" content="Un embalaje personalizado y con mensaje para una botella de vino, listo para regalo." />
<meta property="og:url" content="https://masvicens.com/es/producte/embalaje-de-regalo/" />
<meta property="og:site_name" content="Celler Mas Vicenç | Re-evolucionant la tradició" />
<meta property="article:modified_time" content="2021-06-22T10:14:07+00:00" />
<meta property="og:image" content="https://masvicens.com/wp-content/uploads/2021/06/embalatge-ampolla-individual-mas-vicens.jpg" />
	<meta property="og:image:width" content="800" />
	<meta property="og:image:height" content="800" />
	<meta property="og:image:type" content="image/jpeg" />
<meta name="twitter:card" content="summary_large_image" />
<script type="application/ld+json" class="yoast-schema-graph">{"@context":"https:\/\/schema.org","@graph":[{"@type":"WebPage","@id":"https:\/\/masvicens.com\/es\/producte\/embalaje-de-regalo\/","url":"https:\/\/masvicens.com\/es\/producte\/embalaje-de-regalo\/","name":"Embalaje de regalo - Celler Mas Vicenç | Re-evolucionant la tradició","isPartOf":{"@id":"https:\/\/masvicens.com\/es\/#website"},"primaryImageOfPage":{"@id":"https:\/\/masvicens.com\/es\/producte\/embalaje-de-regalo\/#primaryimage"},"image":{"@id":"https:\/\/masvicens.com\/es\/producte\/embalaje-de-regalo\/#primaryimage"},"thumbnailUrl":"https:\/\/masvicens.com\/wp-content\/uploads\/2021\/06\/embalatge-ampolla-individual-mas-vicens.jpg","datePublished":"2021-06-22T10:13:53+00:00","dateModified":"2021-06-22T10:14:07+00:00","breadcrumb":{"@id":"https:\/\/masvicens.com\/es\/producte\/embalaje-de-regalo\/#breadcrumb"},"inLanguage":"es","potentialAction":[{"@type":"ReadAction","target":["https:\/\/masvicens.com\/es\/producte\/embalaje-de-regalo\/"]}]},{"@type":"ImageObject","inLanguage":"es","@id":"https:\/\/masvicens.com\/es\/producte\/embalaje-de-regalo\/#primaryimage","url":"https:\/\/masvicens.com\/wp-content\/uploads\/2021\/06\/embalatge-ampolla-individual-mas-vicens.jpg","contentUrl":"https:\/\/masvicens.com\/wp-content\/uploads\/2021\/06\/embalatge-ampolla-individual-mas-vicens.jpg","width":800,"height":800},{"@type":"BreadcrumbList","@id":"https:\/\/masvicens.com\/es\/producte\/embalaje-de-regalo\/#breadcrumb","itemListElement":[{"@type":"ListItem","position":1,"name":"Portada","item":"https:\/\/masvicens.com\/es\/"},{"@type":"ListItem","position":2,"name":"TIENDA","item":"https:\/\/masvicens.com\/botiga-de-vins-online\/"},{"@type":"ListItem","position":3,"name":"Embalaje de regalo"}]},{"@type":"WebSite","@id":"https:\/\/masvicens.com\/es\/#website","url":"https:\/\/masvicens.com\/es\/","name":"Celler Mas Vicenç | Re-evolucionant la tradició","description":"Veniu a viure l&#039;enoturisme i a conèixer la nostra col·lecció de vins elaborats amb la millor selecció de raïm del nostre celler a Tarragona.","potentialAction":[{"@type":"SearchAction","target":{"@type":"EntryPoint","urlTemplate":"https:\/\/masvicens.com\/es\/?s={search_term_string}"},"query-input":{"@type":"PropertyValueSpecification","valueRequired":true,"valueName":"search_term_string"}}],"inLanguage":"es"}]}</script>
<!-- / Yoast SEO plugin. -->

Embalaje de regalo - Celler Mas Vicenç | Re-evolucionant la tradició

Celler Mas Vicenç | Re-evolucionant la tradició

Veniu a viure l&#039;enoturisme i a conèixer la nostra col·lecció de vins elaborats amb la millor selecció de raïm del nostre celler a Tarragona.
