{"version":"1.0","provider_name":"Celler Mas Vicen\u00e7 | Re-evolucionant la tradici\u00f3","provider_url":"https:\/\/masvicens.com\/fr\/","author_name":"Juan Carlos Rodr\u00edguez","author_url":"https:\/\/masvicens.com\/fr\/author\/jrodriguez\/","title":"Walk & Wine: Route de la Biodiversit\u00e9 - Celler Mas Vicen\u00e7 | Re-evolucionant la tradici\u00f3","type":"rich","width":600,"height":338,"html":"<blockquote class=\"wp-embedded-content\" data-secret=\"tlOIyL4k8f\"><a href=\"https:\/\/masvicens.com\/fr\/producte\/walk-wine-route-de-la-biodiversite\/\">Walk &#038; Wine: Route de la Biodiversit\u00e9<\/a><\/blockquote><iframe sandbox=\"allow-scripts\" security=\"restricted\" src=\"https:\/\/masvicens.com\/fr\/producte\/walk-wine-route-de-la-biodiversite\/embed\/#?secret=tlOIyL4k8f\" width=\"600\" height=\"338\" title=\"\u00ab\u00a0Walk &#038; Wine: Route de la Biodiversit\u00e9\u00a0\u00bb &#8212; Celler Mas Vicen\u00e7 | Re-evolucionant la tradici\u00f3\" data-secret=\"tlOIyL4k8f\" frameborder=\"0\" marginwidth=\"0\" marginheight=\"0\" scrolling=\"no\" class=\"wp-embedded-content\"><\/iframe><script type=\"text\/javascript\">\n\/* <![CDATA[ *\/\n\/*! This file is auto-generated *\/\n!function(d,l){\"use strict\";l.querySelector&&d.addEventListener&&\"undefined\"!=typeof URL&&(d.wp=d.wp||{},d.wp.receiveEmbedMessage||(d.wp.receiveEmbedMessage=function(e){var t=e.data;if((t||t.secret||t.message||t.value)&&!\/[^a-zA-Z0-9]\/.test(t.secret)){for(var s,r,n,a=l.querySelectorAll('iframe[data-secret=\"'+t.secret+'\"]'),o=l.querySelectorAll('blockquote[data-secret=\"'+t.secret+'\"]'),c=new RegExp(\"^https?:$\",\"i\"),i=0;i<o.length;i++)o[i].style.display=\"none\";for(i=0;i<a.length;i++)s=a[i],e.source===s.contentWindow&&(s.removeAttribute(\"style\"),\"height\"===t.message?(1e3<(r=parseInt(t.value,10))?r=1e3:~~r<200&&(r=200),s.height=r):\"link\"===t.message&&(r=new URL(s.getAttribute(\"src\")),n=new URL(t.value),c.test(n.protocol))&&n.host===r.host&&l.activeElement===s&&(d.top.location.href=t.value))}},d.addEventListener(\"message\",d.wp.receiveEmbedMessage,!1),l.addEventListener(\"DOMContentLoaded\",function(){for(var e,t,s=l.querySelectorAll(\"iframe.wp-embedded-content\"),r=0;r<s.length;r++)(t=(e=s[r]).getAttribute(\"data-secret\"))||(t=Math.random().toString(36).substring(2,12),e.src+=\"#?secret=\"+t,e.setAttribute(\"data-secret\",t)),e.contentWindow.postMessage({message:\"ready\",secret:t},\"*\")},!1)))}(window,document);\n\/* ]]> *\/\n<\/script>\n","thumbnail_url":"https:\/\/masvicens.com\/wp-content\/uploads\/2025\/10\/mv_walkandwinealteuaire.jpg","thumbnail_width":2000,"thumbnail_height":1334,"description":"Walk &amp; Wine \u00e0 votre guise:\u00a0l\u2019exp\u00e9rience de l\u2019\u0153notourisme pour les amoureux du vin et de la nature     R\u00e9\u00e9voluer l\u2019\u0153notourisme \u00e0 Tarragona     Vivez le Walk &amp; Wine \u00e0 votre rythme chez Mas Vicen\u00e7 : chaque jour de la semaine, vous pouvez marcher parmi les vignes, d\u00e9couvrir des cabanes en pierre s\u00e8che et profiter d\u2019une d\u00e9gustation surprise au c\u0153ur de la nature.Nous vous proposons 3 itin\u00e9raires, 3 paysages et 3 d\u00e9gustations diff\u00e9rentes. Choisissez celui qui vous pla\u00eet le plus ! Vin, nature et ar\u00f4mes \u00e0 chaque pas"}

Celler Mas Vicenç | Re-evolucionant la tradició

Juan Carlos Rodríguez

Walk & Wine: Route de la Biodiversité - Celler Mas Vicenç | Re-evolucionant la tradició

<blockquote class="wp-embedded-content" data-secret="tlOIyL4k8f"><a href="https://masvicens.com/fr/producte/walk-wine-route-de-la-biodiversite/">Walk &#038; Wine: Route de la Biodiversité</a></blockquote><iframe sandbox="allow-scripts" security="restricted" src="https://masvicens.com/fr/producte/walk-wine-route-de-la-biodiversite/embed/#?secret=tlOIyL4k8f" width="600" height="338" title="« Walk &#038; Wine: Route de la Biodiversité » &#8212; Celler Mas Vicenç | Re-evolucionant la tradició" data-secret="tlOIyL4k8f" frameborder="0" marginwidth="0" marginheight="0" scrolling="no" class="wp-embedded-content"></iframe><script type="text/javascript">
/* <![CDATA[ */
/*! This file is auto-generated */
!function(d,l){"use strict";l.querySelector&&d.addEventListener&&"undefined"!=typeof URL&&(d.wp=d.wp||{},d.wp.receiveEmbedMessage||(d.wp.receiveEmbedMessage=function(e){var t=e.data;if((t||t.secret||t.message||t.value)&&!/[^a-zA-Z0-9]/.test(t.secret)){for(var s,r,n,a=l.querySelectorAll('iframe[data-secret="'+t.secret+'"]'),o=l.querySelectorAll('blockquote[data-secret="'+t.secret+'"]'),c=new RegExp("^https?:$","i"),i=0;i<o.length;i++)o[i].style.display="none";for(i=0;i<a.length;i++)s=a[i],e.source===s.contentWindow&&(s.removeAttribute("style"),"height"===t.message?(1e3<(r=parseInt(t.value,10))?r=1e3:~~r<200&&(r=200),s.height=r):"link"===t.message&&(r=new URL(s.getAttribute("src")),n=new URL(t.value),c.test(n.protocol))&&n.host===r.host&&l.activeElement===s&&(d.top.location.href=t.value))}},d.addEventListener("message",d.wp.receiveEmbedMessage,!1),l.addEventListener("DOMContentLoaded",function(){for(var e,t,s=l.querySelectorAll("iframe.wp-embedded-content"),r=0;r<s.length;r++)(t=(e=s[r]).getAttribute("data-secret"))||(t=Math.random().toString(36).substring(2,12),e.src+="#?secret="+t,e.setAttribute("data-secret",t)),e.contentWindow.postMessage({message:"ready",secret:t},"*")},!1)))}(window,document);
/* ]]> */
</script>

Walk &amp; Wine à votre guise: l’expérience de l’œnotourisme pour les amoureux du vin et de la nature     Réévoluer l’œnotourisme à Tarragona     Vivez le Walk &amp; Wine à votre rythme chez Mas Vicenç : chaque jour de la semaine, vous pouvez marcher parmi les vignes, découvrir des cabanes en pierre sèche et profiter d’une dégustation surprise au cœur de la nature.Nous vous proposons 3 itinéraires, 3 paysages et 3 dégustations différentes. Choisissez celui qui vous plaît le plus ! Vin, nature et arômes à chaque pas
